 greatest common factor of 17 and 1614337.
17
What is the highest common factor of 18562 and 1?
1
What is the greatest common divisor of 560 and 95024?
16
What is the greatest common divisor of 13568 and 159?
53
What is the highest common divisor of 140 and 33145?
35
Calculate the greatest common divisor of 26950 and 270.
10
Calculate the highest common divisor of 765708 and 6.
6
Calculate the highest common factor of 47421 and 2178.
99
Calculate the greatest common divisor of 369627 and 12.
3
Calculate the highest common factor of 17664 and 1794.
138
What is the highest common divisor of 5 and 2885?
5
What is the highest common factor of 183 and 537593?
61
What is the greatest common divisor of 448 and 2128?
112
What is the greatest common factor of 1572282 and 36?
18
Calculate the greatest common divisor of 12859 and 143.
11
What is the highest common divisor of 1837 and 1353?
11
What is the greatest common factor of 1794 and 133308?
138
Calculate the greatest common divisor of 732 and 96120.
12
What is the highest common divisor of 2206158 and 612?
102
What is the highest common divisor of 610 and 180865?
305
Calculate the greatest common factor of 3789 and 54.
9
What is the greatest common divisor of 473427 and 369?
369
Calculate the highest common divisor of 203456 and 7480.
1496
What is the highest common factor of 81634 and 12376?
238
What is the greatest common divisor of 82295 and 50585?
755
Calculate the greatest common factor of 87650 and 20.
10
Calculate the highest common factor of 10 and 14330.
10
What is the highest common factor of 15930 and 531?
531
What is the greatest common divisor of 1000 and 1176?
8
Calculate the greatest common divisor of 8 and 1007900.
4
Calculate the greatest common divisor of 27805 and 498.
83
What is the highest common divisor of 34299 and 4120?
103
What is the greatest common factor of 591264 and 432?
144
What is the highest common factor of 163 and 160881?
163
What is the greatest common divisor of 21393 and 9?
9
What is the greatest common factor of 422 and 43?
1
Calculate the highest common divisor of 60 and 1168960.
20
What is the greatest common divisor of 608 and 437?
19
Calculate the greatest common factor of 9 and 1401.
3
Calculate the greatest common divisor of 1914 and 1221.
33
What is the greatest common factor of 2905 and 665?
35
Calculate the highest common divisor of 89 and 96387.
89
What is the greatest common divisor of 22434 and 54?
6
Calculate the highest common factor of 1294245 and 675.
135
What is the highest common divisor of 19700 and 64000?
100
Calculate the greatest common factor of 933 and 3.
3
Calculate the greatest common factor of 10 and 285150.
10
What is the highest common divisor of 16989 and 192?
3
Calculate the highest common factor of 18690 and 4270.
70
Calculate the highest common factor of 192 and 28995.
3
What is the highest common factor of 564020 and 260?
20
What is the highest common divisor of 90 and 10050?
30
What is the greatest common divisor of 414 and 33718?
46
What is the highest common factor of 18 and 3064671?
9
Calculate the greatest common factor of 168 and 84936.
24
What is the highest common factor of 540 and 430?
10
What is the highest common divisor of 9167 and 41921?
103
What is the greatest common factor of 43174 and 16?
2
Calculate the highest common divisor of 20886 and 37878.
354
What is the greatest common divisor of 80 and 771056?
16
Calculate the highest common factor of 190878 and 58.
58
What is the greatest common divisor of 16 and 97688?
8
What is the greatest common divisor of 546 and 1211?
7
Calculate the highest common factor of 14181 and 261.
87
What is the highest common divisor of 272 and 12308?
68
Calculate the greatest common divisor of 2337 and 2091.
123
Calculate the greatest common divisor of 22881 and 48918.
789
Calculate the highest common factor of 880 and 30646.
22
What is the highest common factor of 46975 and 25?
25
Calculate the greatest common divisor of 746 and 2019422.
746
Calculate the greatest common factor of 100 and 72040.
20
Calculate the highest common divisor of 7696 and 728.
104
Calculate the highest common divisor of 628312 and 16.
8
Calculate the highest common divisor of 7708 and 944.
4
Calculate the highest common divisor of 728117 and 13.
13
What is the greatest common divisor of 984 and 222753?
123
What is the greatest common factor of 7260 and 41580?
660
What is the highest common factor of 302270 and 3340?
1670
Calculate the greatest common divisor of 65 and 502047.
13
What is the highest common divisor of 213302 and 184?
46
Calculate the highest common divisor of 27448 and 108664.
376
Calculate the highest common factor of 95 and 31616.
19
What is the greatest common divisor of 9 and 412767?
9
Calculate the greatest common factor of 8236 and 59624.
116
Calculate the greatest common divisor of 150464 and 64.
64
Calculate the greatest common divisor of 583 and 341.
11
What is the highest common factor of 1194 and 78?
6
Calculate the highest common factor of 26453 and 56.
7
What is the greatest common divisor of 813 and 5149?
271
What is the highest common divisor of 979 and 1696607?
979
What is the greatest common divisor of 684 and 3357756?
684
Calculate the greatest common factor of 2025492 and 28.
28
Calculate the highest common factor of 12683 and 9224.
1153
Calculate the highest common divisor of 36 and 167868.
36
Calculate the highest common divisor of 150 and 66510.
30
What is the highest common factor of 21 and 1189356?
21
What is the greatest common factor of 8 and 83664?
8
Calculate the greatest common factor of 438152 and 19533.
383
What is the highest common factor of 11613 and 10731?
147
What is the greatest common divisor of 47121 and 678?
339
Calculate the greatest common factor of 140 and 4270280.
140
Calculate the greatest common factor of 216 and 899064.
72
Calculate the greatest common factor of 8544 and 5808.
48
Calculate the greatest common divisor of 5270 and 497240.
310
Calculate the greatest common divisor of 1767 and 4389.
57
Calculate the highest common divisor of 873 and 8827.
97
Calculate the highest common factor of 19 and 44327.
19
Calculate the greatest common divisor of 120262 and 6908.
314
Calculate the highest common factor of 1337292 and 126.
18
Calculate the greatest common factor of 252 and 925484.
28
What is the greatest common factor of 2676 and 105033?
669
What is the highest common factor of 1600 and 530?
10
What is the greatest common factor of 3762 and 513?
171
Calculate the greatest common divisor of 276 and 39399.
69
What is the greatest common divisor of 4387 and 2050?
41
What is the highest common divisor of 1917 and 12015?
27
Calculate the greatest common divisor of 24765 and 520.
65
What is the greatest common divisor of 72 and 22851?
9
What is the highest common divisor of 726 and 6567?
33
What is the greatest common divisor of 73430 and 490?
70
What is the greatest common divisor of 224 and 676112?
16
Calculate the highest common factor of 131 and 3308012.
131
Calculate the greatest common divisor of 65799 and 783.
27
Calculate the highest common factor of 54 and 129951.
27
Calculate the greatest common divisor of 80 and 279630.
10
Calculate the greatest common factor of 18936 and 69912.
72
Calculate the greatest common factor of 130129 and 111.
37
Calculate the greatest common divisor of 176 and 11187.
11
What is the highest common divisor of 4830 and 50554?
322
Calculate the highest common divisor of 2995594 and 14.
14
Calculate the greatest common factor of 46 and 62882.
46
Calculate the greatest common divisor of 1647 and 5429.
61
What is the highest common divisor of 125 and 10225?
25
What is the highest common factor of 24 and 33776?
8
Calculate the highest common divisor of 2583 and 1927.
41
What is the highest common divisor of 1577 and 31844?
19
Calculate the greatest common divisor of 3841 and 92.
23
What is the greatest common divisor of 930 and 102?
6
Calculate the highest common factor of 101520 and 47.
47
Calculate the greatest common factor of 3661 and 16736.
523
Calculate the highest common factor of 10127 and 42107.
533
What is the greatest common divisor of 4023 and 95796?
27
What is the greatest common divisor of 3091 and 35